{"id":31,"date":"2018-03-17T17:12:09","date_gmt":"2018-03-17T17:12:09","guid":{"rendered":"http:\/\/evoeller.de\/?page_id=31"},"modified":"2024-12-17T19:47:17","modified_gmt":"2024-12-17T19:47:17","slug":"ueber-mich","status":"publish","type":"page","link":"http:\/\/evoeller.de\/?page_id=31","title":{"rendered":"\u00dcber Mich"},"content":{"rendered":"<p><img loading=\"lazy\" class=\"alignnone wp-image-140 size-full\" src=\"http:\/\/evoeller.de\/wp-content\/uploads\/2021\/05\/Evaserie-scaled.jpg\" alt=\"\" width=\"2560\" height=\"790\" srcset=\"http:\/\/evoeller.de\/wp-content\/uploads\/2021\/05\/Evaserie-scaled.jpg 2560w, http:\/\/evoeller.de\/wp-content\/uploads\/2021\/05\/Evaserie-300x93.jpg 300w, http:\/\/evoeller.de\/wp-content\/uploads\/2021\/05\/Evaserie-1024x316.jpg 1024w, http:\/\/evoeller.de\/wp-content\/uploads\/2021\/05\/Evaserie-768x237.jpg 768w, http:\/\/evoeller.de\/wp-content\/uploads\/2021\/05\/Evaserie-1536x474.jpg 1536w, http:\/\/evoeller.de\/wp-content\/uploads\/2021\/05\/Evaserie-2048x632.jpg 2048w\" sizes=\"(max-width: 767px) 89vw, (max-width: 1000px) 54vw, (max-width: 1071px) 543px, 580px\" \/><\/p>\n<p>Ich bin Coach*, promovierte Biologin, Imkerin und noch so viel mehr&#8230;\u00a0<br \/>Genauso, wie mich mein Interesse am Verst\u00e4ndnis von biologischen Prozessen und Zusammenh\u00e4ngen zur Biologie gef\u00fchrt hat, begeistert es mich, Prozesse und Zusammenh\u00e4nge im Pers\u00f6nlichen und Zwischenmenschlichen zu verstehen und damit zu arbeiten. Deshalb bilde ich mich auch regelm\u00e4\u00dfig und gerne weiter, zuletzt in Kommunikationspsychologie und Gestalttherapie.\u00a0<\/p>\n<p>* zertifiziert nach EASC (<span class=\"st\"><em>European Association for Supervision and Coaching<\/em><\/span>)<\/p>\n\n\n<p><\/p>\n","protected":false},"excerpt":{"rendered":"<p>Ich bin Coach*, promovierte Biologin, Imkerin und noch so viel mehr&#8230;\u00a0Genauso, wie mich mein Interesse am Verst\u00e4ndnis von biologischen Prozessen und Zusammenh\u00e4ngen zur Biologie gef\u00fchrt hat, begeistert es mich, Prozesse und Zusammenh\u00e4nge im Pers\u00f6nlichen und Zwischenmenschlichen zu verstehen und damit zu arbeiten. Deshalb bilde ich mich auch regelm\u00e4\u00dfig und gerne weiter, zuletzt in Kommunikationspsychologie und &hellip; <\/p>\n<p class=\"link-more\"><a href=\"http:\/\/evoeller.de\/?page_id=31\" class=\"more-link\"><span class=\"screen-reader-text\">\u201e\u00dcber Mich\u201c<\/span> weiterlesen<\/a><\/p>\n","protected":false},"author":1,"featured_media":0,"parent":0,"menu_order":0,"comment_status":"closed","ping_status":"closed","template":"","meta":[],"_links":{"self":[{"href":"http:\/\/evoeller.de\/index.php?rest_route=\/wp\/v2\/pages\/31"}],"collection":[{"href":"http:\/\/evoeller.de\/index.php?rest_route=\/wp\/v2\/pages"}],"about":[{"href":"http:\/\/evoeller.de\/index.php?rest_route=\/wp\/v2\/types\/page"}],"author":[{"embeddable":true,"href":"http:\/\/evoeller.de\/index.php?rest_route=\/wp\/v2\/users\/1"}],"replies":[{"embeddable":true,"href":"http:\/\/evoeller.de\/index.php?rest_route=%2Fwp%2Fv2%2Fcomments&post=31"}],"version-history":[{"count":16,"href":"http:\/\/evoeller.de\/index.php?rest_route=\/wp\/v2\/pages\/31\/revisions"}],"predecessor-version":[{"id":185,"href":"http:\/\/evoeller.de\/index.php?rest_route=\/wp\/v2\/pages\/31\/revisions\/185"}],"wp:attachment":[{"href":"http:\/\/evoeller.de\/index.php?rest_route=%2Fwp%2Fv2%2Fmedia&parent=31"}],"curies":[{"name":"wp","href":"https:\/\/api.w.org\/{rel}","templated":true}]}}